(0 - g*-18) + 1?
5
Let w = 491 - 123. What is the tens digit of w?
6
Suppose 0 = -2*c - 2*c + 404. Suppose -5*i = c - 361. What is the tens digit of i?
5
Let w = 14 + -8. Suppose 2 + w = i. Let s = 8 + i. What is the units digit of s?
6
Suppose -3528 = -36*r + 7344. What is the hundreds digit of r?
3
Let q(m) = 4*m**3 - 8*m**2 - 9*m + 23. What is the hundreds digit of q(6)?
5
Suppose -42*k + 41*k + 681 = -3*b, 0 = 4*k - 3*b - 2715. What is the hundreds digit of k?
6
Let t = 65 + -57. What is the tens digit of 502/8 + 3 + (-22)/t?
6
Let y(q) be the first derivative of q**3/3 + q**2/2 - 4*q + 3. Let w be y(-4). Suppose x = -0*x + w. What is the units digit of x?
8
Let w(y) = y**2 - 2*y. Let k be w(2). Suppose -75 = -5*t - k. Suppose -15 - t = -3*z. What is the units digit of z?
0
Suppose q = c + 19, 0 = -3*c - 2*q + q - 41. Let y = c + 23. Suppose -y*m + 35 = -3*m. What is the units digit of m?
7
Let z(a) = a**3 + 5*a**2 + 5*a + 1. Let o be z(-3). Let n be 246/4*(-4)/(-3). Suppose -3*j = -5*h + n, 20 = h - o*j + 7. What is the units digit of h?
7
Let p = -4 - -8. Suppose -722 = -5*m - x, 2*m = -p*x + 44 + 234. What is the units digit of m?
5
Suppose -5*m = -m - 8. Let p = 135 + m. What is the tens digit of p/9 - (-8)/(-36)?
1
Suppose 0 = 3*k + 3, b - 6 = -0*b + k. Suppose 2*f - 2*m - 24 = 0, b*f - 20 - 16 = -m. Suppose 6*u - f*u = -74. What is the units digit of u?
7
Suppose 3 - 11 = 4*p. What is the units digit of (1030/(-15))/(p/3)?
3
Suppose -3*o + 58 = o - 3*b, 0 = 5*o - 3*b - 74. Suppose 5*x - m - 2*m - o = 0, 3*x = -m + 18. What is the units digit of x?
5
Let g = 3139 + -1700. What is the hundreds digit of g?
4
Suppose 34240 = 505*v - 495*v. What is the tens digit of v?
2
Suppose -3*u = -u - 2*f + 20, 20 = -5*u - f. Let c(n) = -n**3 + 2*n**2 - 6*n - 8. What is the tens digit of c(u)?
9
Suppose 5*a + 434 = 3*f, -7*a = 4*f - 2*a - 602. What is the tens digit of f?
4
What is the units digit of (34/5)/(10/(-700)*-7)?
8
Let i(l) = -94*l + 703. What is the thousands digit of i(-10)?
1
Let c = 207 - -28. What is the hundreds digit of c?
2
Suppose 0 = 5*r + 2*v - 12949, -3*v = 5*r - 17887 + 4936. What is the hundreds digit of r?
5
Let l = -7 + 11. Let s be (-4)/(-16) - 26*(-321)/24. What is the units digit of ((-2)/l)/((-6)/s)?
9
Suppose -315 = -6*v + v. Suppose v = 3*t - 57. Suppose 2*z - 17 = m, -5*z + t = -3*m - 2*m. What is the units digit of z?
9
Suppose 8*n + 3536 = 11816. What is the units digit of n?
5
Suppose 6*x - 2171 = 3*x - 5*d, -3*d = x - 721. What is the units digit of x?
7
Suppose -o + 6*o - 4*m - 1212 = 0, 2*o = -3*m + 471. What is the units digit of o?
0
Let w = -495 - -885. What is the units digit of w?
0
Let x = 84 - -354. Suppose -6*s + x = -0*s. What is the units digit of s?
3
Let k(s) = -3*s**2 - s. Let h be k(-1). Let z(u) = 2*u - 1. Let m be z(h). What is the units digit of 18 - m*(-6)/15?
6
Let l(t) = 2*t**3 + 2*t**2 + t - 2. Let b = -38 - -25. Let c = b + 15. What is the tens digit of l(c)?
2
Let x = 743 - 344. What is the hundreds digit of x?
3
Let i = 1 + -20. Let y = i + 22. Suppose 0*x + y*x + 3*t = 69, 3*x - 3*t = 69. What is the tens digit of x?
2
Let z(i) = -i**3 + 9*i**2 - 7*i - 4. Let d be z(7). Let k = d + 23. What is the units digit of k?
8
Suppose 0 = -3*i + 18 - 12. Let s = 2 + i. What is the units digit of s?
4
Let y = -29 + 25. Let d be y/4 - 0 - 16. Let b = 73 + d. What is the tens digit of b?
5
Let z = 1104 - 647. What is the tens digit of z?
5
Suppose -708 = -2*l + 7*l + y, -4*l = 2*y + 564. Let j = l - -233. What is the tens digit of j?
9
Let n(b) = 2*b**2 + 6*b - 46. Let v be n(-19). Suppose -5*d + v - 9 = 4*p, 275 = 2*p + d. What is the units digit of p?
7
Let h = 1406 + -899. What is the hundreds digit of h?
5
Suppose 26 = 5*d + 1. What is the tens digit of 33 + 8/20*d?
3
Let p(t) = t - 6. Let a be p(6). Let r(x) = 15*x + 3*x + a*x. What is the tens digit of r(1)?
1
Suppose 77*t - 420 = 72*t. What is the hundreds digit of (-1102)/(-7) + (t/(-49))/4?
1
Let h(x) = x**3 + 22*x**2 + 19*x - 27. Suppose 6*z - 3*z = -3*p - 54, 0 = -p + 3. What is the tens digit of h(z)?
1
Let r(a) = -a**3 - 8*a**2 - 6*a - 19. Suppose -26*q = -22*q + 40. What is the units digit of r(q)?
1
Let m(z) = -225*z - 203. What is the hundreds digit of m(-8)?
5
Let r be 2/12 - (-1865)/6. Suppose -2*t = l - r, 3*l - 129 - 172 = -2*t. Suppose -5*p = 3*o - t, o - 19 - 34 = -2*p. What is the tens digit of o?
5
Let r = -26 - -30. Suppose 2 = v, -41 = -c + r*v - 2*v. Suppose 4*s = -b + c, 0*s + 3*b - 36 = -3*s. What is the tens digit of s?
1
Suppose -c + 0 = -1. What is the units digit of c*-2 - (-8 - 2)?
8
Let d = 642 + -338. Suppose 5*n + 3*r - 82 - 424 = 0, 2*r = -3*n + d. What is the hundreds digit of n?
1
Suppose -4*v = -4*j + 36, -4*j + 8 + 30 = -3*v. Let i = 23 - j. Suppose -10*y = -i*y + 48. What is the tens digit of y?
2
Let x(k) = 9 + 3*k + 4 - 2 - 4*k. Let c be x(12). Let z = c - -2. What is the units digit of z?
1
What is the tens digit of 1/3*9*79/1?
3
Let p(q) = 3*q**2 - q - 2. Let i be (-280)/(-154) - 2/(-11). Suppose 11 = 3*f + i. What is the tens digit of p(f)?
2
Let k(p) = 4*p**2 - p + 1. Suppose -5*j = -9*j - 8. Let c be 121/66 - j/12. What is the units digit of k(c)?
5
Suppose -4*b + 3 = -3*q - 2*q, -2*b = -5*q - 9. Let n(o) = -o**3 - 3*o**2 - 2. Let h be n(b). Let k = 9 - h. What is the tens digit of k?
1
Let b be ((-12)/(-5))/(12/40). Suppose b = p - 30. Suppose 4*v - 3*m - 149 = 0, v - 3*m + 2*m - p = 0. What is the units digit of v?
5
Suppose 31*w = 32*w - 4, 0 = -4*q + 2*w + 7524. What is the hundreds digit of q?
8
Let d(w) = w**3 - 12*w**2 - 11*w + 17. Let y(n) = n. Let z(m) = -3*m - 24. Let p(a) = -4*y(a) - z(a). Let q be p(11). What is the tens digit of d(q)?
4
Suppose -29 = -10*w + 31. Suppose -w*n = -2*n - 1036. What is the tens digit of n?
5
Suppose 0 = 4*m + 12 - 52. Let l(h) = h**2 - 9*h - 6. Let i be l(m). Suppose 6 = i*g - 54. What is the units digit of g?
5
Let m be (270/36)/((-2)/(-4)). What is the tens digit of (-20)/m + (-232)/(-3)?
7
Suppose -4*o = 4*i + 195 - 783, 2*o = 4*i - 576. What is the tens digit of i?
4
What is the tens digit of (2422 - 2) + 168/24?
2
Let k be 5/15 - 5/(-3). Suppose -4*c = -3*q - c - 24, 0 = -k*q + 4*c - 24. What is the tens digit of 3/(-6) + (-54)/q?
1
Let l(z) = z**2 - 2*z - 4. Let i be l(-3). Suppose 0 = 6*f - 3*f + 4*c + 2, -3*f = -4*c - 14. Let o = i - f. What is the units digit of o?
9
Let y be ((-2)/1)/((-6)/9). Let c be (4 + -4)/y + 5. Suppose c*f - 2*f + 195 = 5*j, -4*j + 2*f = -158. What is the units digit of j?
2
Suppose 9*s - 7*s = 4*m - 1484, -4*s = -5*m + 1861. What is the units digit of m?
9
Let i = -486 - -919. Let g = i + -296. What is the units digit of g?
7
Suppose 0 = u - 3*r, 3*r - 9 = -0*r. Let q(l) = l**2 - 5*l + 1. Let w be q(u). Let j = -26 + w. What is the tens digit of j?
1
Let o(v) be the second derivative of -4*v**3/3 - 22*v**2 - 16*v. What is the tens digit of o(-20)?
1
Suppose 2*v = -4*r - 0 + 12, 0 = 4*r - 5*v + 2. Let s be (r + 1/1)/1. Suppose -11 = -4*x + s*x. What is the units digit of x?
1
Suppose -4*t = 4*l + 1 - 117, 10 = -5*t. Suppose -11*n + l = -10*n. What is the units digit of n?
1
Let a = 59 - 14. Suppose -a - 837 = -3*n. What is the units digit of n?
4
Let b(o) = o**3 - 17*o**2 + 17*o - 9. Let h be b(16). Suppose -3*c - 4 = -h. What is the units digit of c?
1
Let p = 96 + -105. Let m(u) be the first derivative of 2*u**3/3 + 11*u**2/2 - 18*u + 1. What is the units digit of m(p)?
5
Let a be -7*(40/(-14))/5. Let u be 10*a/(-2 - -10). Suppose u*f = 24 + 21. What is the units digit of f?
9
Let l = -7 + 11. Let t = l + 1. Suppose t*h + 34 = 124. What is the tens digit of h?
1
Suppose -3*t + 10 = -t. Let r(j) = -2 - 1 + 6*j - 3. What is the units digit of r(t)?
4
Let j = -1876 - -1973. What is the tens digit of j?
9
Let x(y) = -110*y + 238. What is the thousands digit of x(-9)?
1
Suppose 44*m + 19648 = 76*m. What is the units digit of m?
4
Let i = -1196 + 4643. What is the thousands digit of i?
3
Suppose 2*k = -4*k + 12. Suppose -k*r - 121 + 323 = 0. What is the units digit of r?
1
Suppose 0*m = 6*m - 66. What is the units digit of m?
1
Suppose 13 = -j + 1. Let f = j + -4. Let r = 33 + f. What is the tens digit of r?
1
Suppose 10*a -